the remainder when 525 is divided by 108?
93
What is the remainder when 277 is divided by 38?
11
Calculate the remainder when 12530 is divided by 83.
80
What is the remainder when 94 is divided by 17?
9
What is the remainder when 4754 is divided by 55?
24
What is the remainder when 1058 is divided by 106?
104
What is the remainder when 569 is divided by 21?
2
What is the remainder when 2032 is divided by 226?
224
What is the remainder when 8 is divided by 7?
1
Calculate the remainder when 97 is divided by 53.
44
What is the remainder when 95 is divided by 11?
7
Calculate the remainder when 1130 is divided by 27.
23
Calculate the remainder when 132 is divided by 27.
24
Calculate the remainder when 19 is divided by 7.
5
What is the remainder when 47 is divided by 27?
20
What is the remainder when 296 is divided by 23?
20
Calculate the remainder when 415 is divided by 27.
10
Calculate the remainder when 1193 is divided by 532.
129
Calculate the remainder when 27 is divided by 9.
0
What is the remainder when 868 is divided by 29?
27
Calculate the remainder when 1102 is divided by 12.
10
Calculate the remainder when 1573 is divided by 93.
85
What is the remainder when 5185 is divided by 106?
97
What is the remainder when 185 is divided by 37?
0
What is the remainder when 90 is divided by 19?
14
Calculate the remainder when 71 is divided by 43.
28
What is the remainder when 8503 is divided by 243?
241
What is the remainder when 737 is divided by 19?
15
What is the remainder when 83 is divided by 44?
39
What is the remainder when 67 is divided by 63?
4
Calculate the remainder when 60 is divided by 12.
0
What is the remainder when 17320 is divided by 71?
67
Calculate the remainder when 769 is divided by 344.
81
What is the remainder when 385 is divided by 131?
123
Calculate the remainder when 297 is divided by 30.
27
What is the remainder when 344 is divided by 84?
8
What is the remainder when 5267 is divided by 293?
286
Calculate the remainder when 73 is divided by 16.
9
Calculate the remainder when 2187 is divided by 148.
115
What is the remainder when 111 is divided by 106?
5
Calculate the remainder when 208 is divided by 94.
20
What is the remainder when 221 is divided by 26?
13
What is the remainder when 1830 is divided by 229?
227
What is the remainder when 504 is divided by 46?
44
Calculate the remainder when 759 is divided by 38.
37
What is the remainder when 297 is divided by 13?
11
Calculate the remainder when 354 is divided by 9.
3
Calculate the remainder when 5235 is divided by 14.
13
Calculate the remainder when 324 is divided by 33.
27
Calculate the remainder when 950 is divided by 78.
14
Calculate the remainder when 926 is divided by 103.
102
What is the remainder when 567 is divided by 15?
12
What is the remainder when 333 is divided by 196?
137
Calculate the remainder when 1766 is divided by 587.
5
What is the remainder when 3744 is divided by 107?
106
Calculate the remainder when 211 is divided by 110.
101
What is the remainder when 294 is divided by 76?
66
What is the remainder when 1378 is divided by 7?
6
What is the remainder when 346 is divided by 30?
16
What is the remainder when 196 is divided by 22?
20
Calculate the remainder when 28898 is divided by 117.
116
Calculate the remainder when 283 is divided by 57.
55
What is the remainder when 430 is divided by 245?
185
What is the remainder when 403 is divided by 5?
3
Calculate the remainder when 2187 is divided by 31.
17
What is the remainder when 8733 is divided by 8?
5
What is the remainder when 34 is divided by 11?
1
What is the remainder when 582 is divided by 73?
71
What is the remainder when 720 is divided by 183?
171
Calculate the remainder when 526 is divided by 31.
30
What is the remainder when 161 is divided by 5?
1
What is the remainder when 1027 is divided by 85?
7
Calculate the remainder when 247 is divided by 45.
22
What is the remainder when 61 is divided by 11?
6
Calculate the remainder when 445 is divided by 65.
55
Calculate the remainder when 3603 is divided by 190.
183
Calculate the remainder when 10706 is divided by 35.
31
What is the remainder when 381 is divided by 81?
57
What is the remainder when 230 is divided by 72?
14
Calculate the remainder when 2182 is divided by 59.
58
Calculate the remainder when 1896 is divided by 100.
96
Calculate the remainder when 142 is divided by 31.
18
What is the remainder when 2435 is divided by 56?
27
Calculate the remainder when 2029 is divided by 664.
37
What is the remainder when 154 is divided by 18?
10
Calculate the remainder when 119 is divided by 34.
17
Calculate the remainder when 284 is divided by 48.
44
What is the remainder when 974 is divided by 354?
266
What is the remainder when 4799 is divided by 75?
74
Calculate the remainder when 550 is divided by 29.
28
Calculate the remainder when 639 is divided by 16.
15
Calculate the remainder when 898 is divided by 298.
4
What is the remainder when 390 is divided by 94?
14
Calculate the remainder when 233 is divided by 80.
73
Calculate the remainder when 634 is divided by 104.
10
What is the remainder when 390 is divided by 50?
40
What is the remainder when 271 is divided by 88?
7
What is the remainder when 658 is divided by 45?
28
What is the remainder when 95 is divided by 6?
5
What is the remainder when 19446 is divided by 68?
66
Calculate the remainder when 1103 is divided by 48.
47
What is the remainder when 192 is divided by 77?
38
What is the remainder when 218 is divided by 94?
30
Calculate the remainder when 46 is divided by 19.
8
What is the remainder when 923 is divided by 155?
148
Calculate the remainder when 138 is divided by 10.
8
What is the remainder when 162 is divided by 82?
80
Calculate the remainder when 836 is divided by 31.
30
What is the remainder when 379 is divided by 32?
27
Calculate the remainder when 1245 is divided by 14.
13
Calculate the remainder when 69 is divided by 48.
21
Calculate the remainder when 309 is divided by 142.
25
Calculate the remainder when 82 is divided by 13.
4
Calculate the remainder when 88 is divided by 37.
14
What is the remainder when 248 is divided by 25?
23
Calculate the remainder when 1615 is divided by 161.
5
What is the remainder when 122 is divided by 28?
10
Calculate the remainder when 425 is divided by 147.
131
What is the remainder when 471 is divided by 11?
9
Calculate the remainder when 704 is divided by 50.
4
Calculate the remainder when 1521 is divided by 501.
18
Calculate the remainder when 83 is divided by 20.
3
What is the remainder when 103 is divided by 94?
9
Calculate the remainder when 130 is divided by 38.
16
Calculate the remainder when 92 is divided by 27.
11
Calculate the remainder when 129 is divided by 65.
64
Calculate the remainder when 2158 is divided by 72.
70
Calculate the remainder when 438 is divided by 55.
53
What is the remainder when 717 is divided by 4?
1
What is the remainder when 70895 is divided by 168?
167
Calculate the remainder when 4463 is divided by 494.
17
What is the remainder when 1805 is divided by 16?
13
Calculate the remainder when 299 is divided by 30.
29
Calculate the remainder when 418 is divided by 61.
52
Calculate the remainder when 277 is divided by 93.
91
What is the remainder when 208 is divided by 48?
16
Calculate the remainder when 242 is divided by 4.
2
What is the remainder when 264 is divided by 90?
84
What is the remainder when 1733 is divided by 40?
13
Calculate the remainder when 275 is divided by 64.
19
Calculate the remainder when 329 is divided by 54.
5
What is the remainder when 749 is divided by 16?
13
Calculate the remainder when 132 is divided by 34.
30
Calculate the remainder when 1341 is divided by 333.
9
What is the remainder when 54 is divided by 28?
26
What is the remainder when 448 is divided by 75?
73
Calculate the remainder when 242 is divided by 31.
25
What is the remainder when 52 is divided by 10?
2
What is the remainder when 4679 is divided by 126?
17
What is the remainder when 9083 is divided by 3027?
2
What is the remainder when 1139 is divided by 59?
18
What is the remainder when 17782 is divided by 18?
16
Calculate the remainder when 203 is divided by 5.
3
Calculate the remainder when 560 is divided by 95.
85
Calculate th